
In base 11, what is -1639a7 + -3a?
-163a36
In base 13, what is 53 + -acabc3?
-acab70
In base 12, what is 1085 - -6934?
79b9
In base 11, what is 4 - -4726611?
4726615
In base 8, what is -527061132 + 0?
-527061132
In base 7, what is 4623 - 21543?
-13620
In base 7, what is 10 + -12610412?
-12610402
In base 5, what is -14340232 + -221?
-14341003
In base 9, what is 203 + -1823387?
-1823184
In base 11, what is -21278 + 187a?
-1a4a9
In base 3, what is -11 - 221100202100011021?
-221100202100011102
In base 4, what is 23 - -221100131030?
221100131113
In base 12, what is 8a00 + 6a3?
94a3
In base 14, what is 8b7 + 17b6?
228d
In base 3, what is 10120110 - -10202001?
21022111
In base 14, what is -252c + -ddb8?
-12506
In base 3, what is 111200101001 - 11?
111200100220
In base 8, what is -3 + -144463725?
-144463730
In base 16, what is 3 - 45d56d?
-45d56a
In base 6, what is -1240125 + -2504?
-1243033
In base 5, what is 431112321 - 4?
431112312
In base 5, what is -10414000104 - -14?
-10414000040
In base 8, what is 124513735 - 1?
124513734
In base 7, what is 310155543 - 6?
310155534
In base 11, what is -74186 + -24?
-741aa
In base 9, what is -1686 - -1168?
-517
In base 12, what is -303210 - 26?
-303236
In base 8, what is -1152053762 + 3?
-1152053757
In base 2, what is -10100000000111000101 + -100?
-10100000000111001001
In base 5, what is -41 + 4101031?
4100440
In base 16, what is d3bc170 - -3?
d3bc173
In base 10, what is 10370 - -25753?
36123
In base 2, what is 110010100100100 - 1001011010010?
101001001010010
In base 6, what is -454 + -10040024?
-10040522
In base 2, what is 1011 - -101100010101100010100?
101100010101100011111
In base 14, what is -4 + 7823cd?
7823c9
In base 4, what is -320232302 + 1010?
-320231232
In base 8, what is 5377036 + -7?
5377027
In base 12, what is 4 + 35ba889?
35ba891
In base 3, what is -1110 + 212222221222?
212222220112
In base 15, what is 789 + -13a5?
-b1b
In base 8, what is -6306 + 605365?
577057
In base 5, what is 1 - 30321134001?
-30321134000
In base 13, what is 8383 - -54c9?
1087c
In base 6, what is -51 + 111024420?
111024325
In base 2, what is -101 + 110010100011100010010000?
110010100011100010001011
In base 8, what is 0 + 133575512?
133575512
In base 3, what is 2020122210012011 + 12?
2020122210012100
In base 2, what is -11011101111011 + -101101010111011?
-1001001000110110
In base 16, what is -3 - -2014add?
2014ada
In base 15, what is 24b0c26 + 2?
24b0c28
In base 7, what is -200 - 660443?
-660643
In base 3, what is -102212002121 + -2210?
-102212012101
In base 8, what is 22770165 - -3?
22770170
In base 14, what is bc43 - -1d0c?
db51
In base 10, what is 27704715 - 1?
27704714
In base 14, what is 5c - 27070?
-27012
In base 11, what is 17633820 - 3?
17633818
In base 5, what is -1131 - -211114?
204433
In base 11, what is -29 + -110491?
-11050a
In base 13, what is 3c2b4 + 5b?
3c342
In base 9, what is 118 + -2466046?
-2465827
In base 13, what is 1a7 + -a321?
-a147
In base 10, what is -2088 - -8668?
6580
In base 11, what is 334 - 1867a5?
-186471
In base 15, what is -14e - 4e77?
-50c6
In base 5, what is 304243212 + 2031?
304300243
In base 12, what is -17 + -954794?
-9547ab
In base 12, what is -17728b1 + -62?
-1772953
In base 5, what is 312 + 10111332?
10112144
In base 9, what is -3 + 5783102?
5783088
In base 5, what is 410002 - -120322?
1030324
In base 2, what is 101110010010001000111 - -101?
101110010010001001100
In base 7, what is 0 - 2234565364?
-2234565364
In base 12, what is 89 - -424b38?
425005
In base 5, what is -1214240 - 4111?
-1223401
In base 10, what is -284 - -11007?
10723
In base 9, what is -228067 + 53?
-228014
In base 10, what is -7 - -667001?
666994
In base 2, what is -11101010100011000 + 110001?
-11101010011100111
In base 12, what is -314a520 - -18?
-314a504
In base 4, what is 10 + 13223123113?
13223123123
In base 3, what is -101020021120111111 + 12?
-101020021120111022
In base 12, what is 592065 + 1?
592066
In base 3, what is 2022121201101012 + -11?
2022121201101001
In base 15, what is -d90a - -77?
-d883
In base 4, what is -3101201 - 3000232?
-12102033
In base 7, what is -10322115 - -3?
-10322112
In base 12, what is -20a7189 - 9?
-20a7196
In base 15, what is 68 - -12b6b1?
12b729
In base 4, what is -1013 + 332312110?
332311031
In base 14, what is 3 - 1a50ab8?
-1a50ab5
In base 15, what is -277531c - 2?
-277531e
In base 11, what is 2294 + -3177?
-993
In base 9, what is 7 + 13302135?
13302143
In base 9, what is 5 - 371265?
-371260
In base 5, what is -3010102000 - 20?
-3010102020
In base 2, what is 11101 + -1100000001110100001?
-1100000001110000100
In base 14, what is -3 + -3721a5?
-3721a8
In base 15, what is 5 + 5e6810?
5e6815
In base 9, what is 17 + -73281553?
-73281535
In base 3, what is -1002 - 1011002202011?
-1011002210020
In base 7, what is -350 - 222636?
-223316
In base 14, what is 230b6ca + 0?
230b6ca
In base 10, what is 8562140 - 5?
8562135
In base 2, what is 100110001101000101101 + -11001?
100110001101000010100
In base 6, what is 2102124130 - -3?
2102124133
In base 2, what is 11101001110101111110010111 + -100?
11101001110101111110010011
In base 14, what is 19 + 56753?
5676c
In base 15, what is -4 - -46d36?
46d32
In base 16, what is 0 - 2fe97db?
-2fe97db
In base 5, what is -331404 + -13211?
-400120
In base 13, what is -7652 - -3467?
-41b8
In base 16, what is 2 - 1ff793?
-1ff791
In base 16, what is 5 - -1a86e2?
1a86e7
In base 3, what is 101 + 1221012220102211?
1221012220110012
In base 6, what is 1140 - -515130?
520310
In base 3, what is -21001001 - 112212?
-21120220
In base 3, what is -222202101 - 20000?
-222222101
In base 3, what is 22112202 + 211212111?
1011102020
In base 6, what is -200100 + -4522?
-205022
In base 12, what is 69b3 - -8b6?
76a9
In base 9, what is -637248 + 44?
-637204
In base 16, what is -15b0 - 3125?
-46d5
In base 4, what is 12031 + 300022000?
300100031
In base 10, what is -2 - 293947?
-293949
In base 6, what is -12352 - -320441?
304045
In base 2, what is 11101101111 - 11100110110011?
-11001001000100
In base 8, what is 45224 - 6404?
36620
In base 3, what is 1 + 1102210202012?
1102210202020
In base 8, what is -21737530170 + 2?
-21737530166
In base 7, what is 233 - 15340062?
-15336526
In base 9, what is -253448 + -156?
-253615
In base 4, what is -230 + 100120300?
100120010
In base 12, what is -150264b - -3?
-1502648
In base 10, what is 13085 - 926?
12159
In base 2, what is 111001101001010111111 + -100011100?
111001101000110100011
In base 4, what is 12211332300112 + 2?
12211332300120
In base 6, what is -32 - 444355340?
-444355412
In base 11, what is -41078 - -123?
-40a55
In base 3, what is 10121 + -201120002021?
-201112221200
In base 3, what is -202200 - -2120002221?
2112100021
In base 10, what is 5 + -2213951?
-2213946
In base 7, what is -303424 + -25431?
-332155
In base 3, what is -100 + 1120101012001021?
1120101012000221
In base 11, what is 38 - 3546898?
-3546860
In base 3, what is -11201011 + 1021?
-11122220
In base 4, what is 11023 - -1202130?
1213213
In base 7, what is 6 - 44620412?
-44620403
In base 7, what is 2336 - -301665?
304334
In base 10, what is -32636106 - -3?
-32636103
In base 3, what is 10121102212202 - -200?
10121102220102
In base 12, what is 58 + 1415104?
1415160
In base 6, what is -5 + 4412550123?
4412550114
In base 6, what is 25 + -24333253?
-24333224
In base 11, what is 19 + -1162aa9?
-1162a90
In base 11, what is -2040 - 54780?
-56810
In base 13, what is -4042 + 1c12?
-2130
In base 16, what is -2e187f + 3?
-2e187c
In base 14, what is -372542 - -36?
-37250a
In base 3, what is 101102 - 1111112212?
-1111011110
In base 5, what is -10 - -10332013320?
10332013310
In base 15, what is 3 + 129c53?
129c56
In base 5, what is 2 - 430414410?
-430414403
In base 14, what is -35a31 + 37a?
-35695
In base 7, what is -61341 - 2350?
-64021
In base 2, what is -1 + -111100111100010110000011?
-111100111100010110000100
In base 10, what is 64070117 + 17?
64070134
In base 12, what is 4954 + -74a3?
-274b
In base 3, what is -2 + 2012102101100221?
2012102101100212
In base 14, what is -cd85 - -6549?
-683a
In base 12, what is 435a7 - 220?
43387
In base 16, what is 14c7c - -3306?
17f82
In base 14, what is -8 + -2dab0a9?
-2dab0b3
In base 5, what is 3113 + 233324202?
233332320
In base 10, what is -136834 - 